 + 14/6. Calculate q(p).
-1
Let x be (-2 + -1)*(-1)/(-3). Let c(a) be the second derivative of a**3 + a**2/2 - 154*a. What is c(x)?
-5
Let m(s) = -s**2 - 4*s + 2. Let l(w) = -4*w + 75. Let u be l(20). Determine m(u).
-3
Let i(w) = -5*w**2 + 1 - 5*w**2 + 3*w**2. Give i(-1).
-6
Suppose 6*l + 72 = 2*l. Let g(r) = 1. Let q(j) = -j + 9. Let n(s) = l*g(s) + 2*q(s). What is n(-4)?
8
Let x(m) = -m + 1. Let v(b) = b**2 + 5*b - 5. Let p(l) = v(l) + 4*x(l). Let a(f) = -f + 4. Let h be a(6). Determine p(h).
1
Suppose 7*n + 16 = 3*n - 4*k, 2*n = -3*k - 4. Let v(g) = g + 2. Give v(n).
-6
Suppose 15 = 2*i + i. Let n(d) = 7 + 0*d + d - d**2 + 4*d. Determine n(i).
7
Let t(l) be the second derivative of 8*l**3/3 + l**2/2 - l. Calculate t(1).
17
Suppose 4*u = 3*u - 7. Let a(k) = -k**3 - 6*k**2 + 7*k - 1. Calculate a(u).
-1
Let x = 93 + -88. Let k(j) = -2*j - 6. Calculate k(x).
-16
Let c be 8/10 + 2/10. Suppose 1 = -7*z + 8. Let p be z/2*(-12)/c. Let k(x) = x**3 + 7*x**2 + 6*x - 3. Calculate k(p).
-3
Let w(y) = -2*y**2 - 14*y - 8. Let t be w(-6). Let h(b) = 2*b**2 - 2 + 0*b + 2*b + 5*b**2 - t*b**2. Calculate h(-2).
6
Let l(z) = -2*z**2 - 2*z - 2. Let j = 18 + -12. Let a(b) = -b**3 - 3*b**2 - 2*b - 2. Let m be a(-2). Let d be 0 - j/((-6)/m). What is l(d)?
-6
Let i(q) = -q**2 - q + 1. Let d = -20 - -22. Let f be 1/d*(6 - 6). What is i(f)?
1
Suppose -3*h - 2*h = -5. Let m(v) be the second derivative of -3*v**3/2 + v**2/2 - 11*v. Determine m(h).
-8
Let k(t) be the first derivative of t**7/840 + t**6/120 - t**4/24 - 2*t**3/3 - 4. Let f(l) be the third derivative of k(l). Determine f(-2).
3
Let r = 127/2 + -62. Let p(q) be the first derivative of -4*q + 1 + 1/3*q**3 - r*q**2. Determine p(3).
-4
Let z(f) = -f**3 + 2*f**2 + 3*f + 2. Let o(w) = -w**2 + 7*w + 7. Let i be o(9). Let q = 9 + i. Give z(q).
12
Let k(f) = f**2 - 2*f + 2*f**2 - 3*f + 3 - 2*f**2. Let q be (-3 + 3)/(1*-1). Suppose -3*g + 2*g + 2 = q. Determine k(g).
-3
Let c be -6*(3/6 - 1). Let n(a) = 2*a - 3*a**3 + 0*a - 3*a**c - 3 + 2. Give n(1).
-5
Let a be (-5)/2*(-10 + 12). Let o(s) = -s**3 - 5*s**2 - s - 1. Calculate o(a).
4
Let y(m) be the first derivative of -m**2 + 8*m + 5. Determine y(7).
-6
Let y = -7 + 21. Suppose -5*w + 11 = -y. Let f(g) = 0 + 3*g**2 + 4 + g**3 - 8*g - 7*g**2. Calculate f(w).
-11
Let p be 0 + -2*(-2 - -3). Let i(d) = -d + 2. Let n be i(0). Let q(a) = -3 - a**3 + a + 0*a + n. Give q(p).
5
Suppose -2*z + 2 = -26. Suppose 10 + z = j. Suppose -3*s = -9 + j. Let r(c) = c**3 + 5*c**2 - 2*c - 7. Give r(s).
3
Suppose -c - 13 = 4*m, -c + 4*m + 15 = m. Let d(i) be the third derivative of -i**6/120 + i**5/20 - i**4/12 + i**3/3 + 9*i**2. Determine d(c).
-4
Let k(s) = 2*s**2 - s - 7. Let h be k(0). Let o(m) = m**2 + 7*m + 7. Determine o(h).
7
Let x = -3 + 4. Let t(v) = -5*v + v + 2 - x. Let s(k) = -k**3 + 5*k**2 - 1. Let h be s(5). Determine t(h).
5
Let l(p) = p**2 - p - 4. Let q be 98/35 - 1/(-5). Calculate l(q).
2
Let g = 27 - 34. Let q(w) = -w - 10. Determine q(g).
-3
Suppose 3*o - 20 = 4*s + 2, 0 = 3*o + 5*s + 14. Let g(z) = z + 2. What is g(o)?
4
Suppose 3*b + 3 = -0. Let f = 7 + b. Let n(u) = -u - 1. Give n(f).
-7
Let t be (-44)/16 - 1/4. Let l(s) = -2*s**2 - 2*s + 3. Let p(m) = -m**2 - m + 2. Let k(y) = t*l(y) + 5*p(y). Suppose 5*w + 2 = 3*w. Calculate k(w).
1
Let a(p) = -p - 11*p + 6*p. Give a(1).
-6
Let t(f) = -2*f - 19. Let q(x) = -5*x - 26. Let d(h) = -11*h - 51. Let n(g) = -2*d(g) + 5*q(g). Let l(v) = -5*n(v) + 7*t(v). Give l(-6).
1
Let j = 7 + -8. Let o be -4 + (j - -1) + 6. Let c(x) = -5*x + 2. Determine c(o).
-8
Let a(u) = u - 1. Let h(i) = -4*i + 3. Let v(q) = -3*a(q) - h(q). What is v(2)?
2
Let f(d) = -d**2 + d - 3. Suppose -6*r + 0*r = 0. Calculate f(r).
-3
Let p(q) = q**3 + 5*q**2 - 5*q + 12. Let d = 45 - 51. Give p(d).
6
Suppose 5*s - 3*s = 12. Suppose -o = -3*o + s. Let w(l) = -3*l + l - 3*l**2 - l**2 - 3*l + l**o. Calculate w(5).
0
Let l(d) = 7*d**3 + d**2 - 2*d + 1. Let g = 27 + -26. Calculate l(g).
7
Let x(t) = -t**3 + 7*t**2 + 2. Let l = -23 + 30. What is x(l)?
2
Let m(p) be the second derivative of -p**5/20 + p**4/3 + p**3/6 + p**2/2 + 2*p. Let a be 4/4 + (-1 - 0). Suppose a*w + 4 = w. Calculate m(w).
5
Let k(z) = 0 + z - 3 + 1. Let d(s) = 3*s - 2. Let w be d(2). Let a = w + -1. Determine k(a).
1
Let m be 3 + 0 + -1 - -4. Let b(r) = 2*r - 8. Give b(m).
4
Let i(o) = 2*o + 1. Let l(b) = -b**3 + 6*b**2 + 1. Let w be l(6). Suppose -2*x - w = -3*x. Give i(x).
3
Let a(k) = -k**2 - 5*k - 3. Let r be a(-3). Suppose r = 5*n - 4*n. Let o(m) = 0*m**2 + 2*m**2 - m**3 - 2 + 2*m**2 + 2*m - 3*m. Give o(n).
4
Let b(k) = 7*k - 1. Suppose -9*f + 2*f = -28. What is b(f)?
27
Let c(g) = -g**2 - 6*g + 5. Let o = 8 - 14. Calculate c(o).
5
Let k = -57 - -59. Let m(y) be the second derivative of 2*y**k - 3*y - 1/6*y**3 + 0. Calculate m(5).
-1
Let u(b) = 1. Let h(t) = 2*t + 1. Let o(a) = -h(a) - 2*u(a). Calculate o(-2).
1
Let s(q) = -q**2 - 3*q + 2. Suppose 15 + 17 = -4*l + 5*r, 3*r = 12. Determine s(l).
2
Suppose -l = -0*z + 4*z - 5, -3*l + 15 = 5*z. Suppose 5*q - 4*x - 23 = 0, -l*q + 3 = 3*x - 6. Let y(h) = h**2 + 0*h**2 - 4*h**3 + 4*h + 3*h**3. Give y(q).
-6
Let l(j) be the third derivative of j**6/120 + 7*j**5/60 + j**4/12 - 2*j**3/3 - 17*j**2. Calculate l(-7).
-18
Suppose -4*g - 46 = -38. Let v(t) = t**2 + 3*t - 1. Let o be v(g). Let b(q) = -2 + q + 2*q + 2*q**2 + 0*q**2. What is b(o)?
7
Suppose -5*u + 13 = -7. Let h(d) = d**3 + 10*d**2 - d - 6. Let q be h(-10). Let r(a) = -9*a - 2 + q*a**2 + 7*a - 3*a**2. Give r(u).
6
Let t(v) be the second derivative of 3/10*v**5 - 2*v + 0*v**3 + 0*v**4 + 0 + 0*v**2. Suppose -5*j + 25 = -0*j, -4*b - 4*j + 16 = 0. Determine t(b).
-6
Suppose -5*o = -11 - 4. Let l(i) = -5*i + 2. Let p(z) = -4*z + 3. Let h(k) = o*l(k) - 4*p(k). Let g(u) = u - 6. Let c be g(11). Determine h(c).
-1
Let z(f) = f**3 + 4*f**2 - 4. Suppose 0 = 2*t - 1 - 33. Suppose -q - 2*q + 15 = 0, 4*r = 3*q + t. Suppose 2*a = 4*a + r. What is z(a)?
-4
Let p(b) = -1 - 2*b**2 - 50*b + 21*b + 26*b. Give p(-2).
-3
Let s be (-44)/33*(-9)/(-2). Let p(w) = -w**2 + 4*w + 13. Let k = 9 + -22. Let q(z) = 2*z**2 - 8*z - 27. Let r(b) = k*p(b) + s*q(b). What is r(5)?
-2
Let x(f) = 0*f**2 - f**2 - 1 - 2*f - f**3 - 12*f**3. Let a be x(-1). Let s = -8 + a. Let l(g) = g**2 - 2*g - 7. Determine l(s).
8
Let j(t) = 4 + 4*t**2 + 2*t**3 + t**2 - 2*t - 3*t**3. Suppose 0 = 4*l + h - 4 - 21, -2*h + 5 = -l. Give j(l).
-6
Let h(v) be the first derivative of v**5/60 - v**4/4 + v**3/2 - 3*v**2 + 3. Let z(j) be the second derivative of h(j). Give z(3).
-6
Let b = -134 - -126. Let h(t) = t**3 + 8*t**2 - t - 7. Calculate h(b).
1
Let k(f) = -f**3 - 6*f**2 + 5. Suppose 0 = 4*p + 17 + 19. Let l be -17 - 4/(0 + -2). Let y = l - p. Determine k(y).
5
Let u(l) be the third derivative of -l**5/60 + 5*l**4/24 - 4*l**3/3 - 2*l**2 - 26*l. Determine u(6).
-14
Let z(c) = -c**3 - c**2 - c + 5. Let f(r) = r - 1. Let x(g) = -g**2 - 7*g - 5. Let h be x(-6). Let a be f(h). Calculate z(a).
5
Let y(f) = -42*f + 1 + 41*f + 1 + 4. Let s be y(8). Let p(c) = -3*c - 3. What is p(s)?
3
Let t(z) = -z**3 + 11*z**2 - 7*z - 14. Let d be t(10). Let h = 15 - d. Let l(o) = 4*o - 1. Determine l(h).
-5
Let u(a) = 2*a**2 - 2*a + 1. Let l(h) be the second derivative of -h**4/4 + 2*h**3/3 - h**2 + 5*h. Let v(m) = 3*l(m) + 5*u(m). What is v(-2)?
-1
Let c = -4 + 6. Suppose 21 = -5*i - 4*x - 7, -x = -c*i - 6. Let m(g) = -2*g - 1 + g - 7 - 1. Calculate m(i).
-5
Let f(q) = 0*q**3 + 10 - 3*q**3 + 4*q**3 - 9*q**2 + 7*q. Let w be f(8). Let g(b) = 4*b - 2. Determine g(w).
6
Let g(m) be the third derivative of m**5/60 + m**4/24 - 2*m**3/3 + 9*m**2. What is g(-4)?
8
Let j(k) = 2*k**3 + 8*k**2 - 4*k - 7. Let z(x) = -3*x**3 - 9*x**2 + 4*x + 8. Let w(r) = 4*j(r) + 3*z(r). Calculate w(4).
-4
Let c(l) = -l - 17. Let d(i) = -9*i**3 + i**2 - 3*i + 2. Let y be d(1). What is c(y)?
-8
Let p(j) be the third derivative of -j**4/24 + 5*j**3/6 + 23*j**2. What is p(5)?
0
Suppose 0 = -6*z + 7*z + 5. Let w(k) = k**3 + 6*k**2 + k - 3. What is w(z)?
17
Let p(h) = h**3 - 3*h**2 - 6 - 3*h**2 + 8*h - 1. Let z(g) = g + 2. Let n be z(3). Calculate p(n).
8
Let p be 3/(-2)*-4*1. Let g be -1 - (-3 + 0/3). Let i(j) = j + 9 + 0*j - 13 - g. Determine i(p).
0
Let p be -3*1*4/(-6). Let f(j) = -2*j + j**